actors of o.
2, 557
Let h be -2 + -16 + (3 - 4). Let r = h + 23. Suppose -r = -3*z + 38. List the prime factors of z.
2, 7
Suppose -5*x + 455 = -205. List the prime factors of x.
2, 3, 11
Let l be ((-902)/33)/(1/(-9)). Suppose -5*m + l - 11 = 0. List the prime factors of m.
47
Suppose 3*i - 1 = 4*p + 4*i, 4 = -5*p - 4*i. Suppose 3*q - 81 = -4*u, -2*u + 39 = 3*q - p*q. List the prime factors of u.
3, 7
Let u be (4/2)/(10/130). What are the prime factors of 80/u*89 + 22/143?
2, 137
Let v(h) = -h**3 - h**2 - 2. Let s(m) = -m - 8. Let r be s(-6). Let g be v(r). Suppose 2*o - 32 = -q, -g*q = q + 4*o - 92. What are the prime factors of q?
2, 7
Let y(w) = -97*w + 9. Let z(m) = 195*m - 17. Let b(a) = 7*y(a) + 4*z(a). What are the prime factors of b(1)?
2, 3
Suppose -5*v - 792 + 3265 = k, 0 = 2*v - 4*k - 976. What are the prime factors of v?
2, 13, 19
Suppose k = -2*k - 12. What are the prime factors of k/(-5) + (-78)/(-15)?
2, 3
Let j(h) = 4*h + 34*h**3 + 2 - 2*h - 33*h**3 + 0 - 10*h**2 + 4*h. Let k = -23 + 33. What are the prime factors of j(k)?
2, 31
Let t = 1128 - 678. Suppose -t = -0*y - 5*y. Suppose 3*g = 4*r - y + 10, 2*r - 3*g = 40. What are the prime factors of r?
2, 5
Suppose 5*r + 2*x + 731 = 0, 2*x - 246 = 5*r + 473. Let t = r - -358. What are the prime factors of t?
3, 71
Let t be (6/(-9))/((-2)/93). Suppose 17*q = 9*q - 144. Let a = q + t. List the prime factors of a.
13
Suppose 4*h - 3*h = 5. Suppose 388 - 73 = 4*s - 5*z, 0 = 5*s + h*z - 360. List the prime factors of s.
3, 5
Let q(k) = -3 + 17 + 11 + k. Let i be q(-11). Suppose i = a + 5. What are the prime factors of a?
3
Suppose 27*q = 25781 + 5944. What are the prime factors of q?
5, 47
Suppose -2456 = -5*b - 3*o, -19*b - 5*o = -14*b - 2460. List the prime factors of b.
2, 5, 7
Suppose 7*x - 2615 = 1466. What are the prime factors of (-10)/(-45) + x/9 + 0?
5, 13
Suppose -8*w - 43 = 13. Let m(a) = -32*a - 38. List the prime factors of m(w).
2, 3, 31
Suppose 0 = 2*g - 2*x - 4, -2*x = -5*g + 5 + 8. List the prime factors of ((-40)/12)/(g/(-90)).
2, 5
Suppose 4*s - 119 = -i, -4*i = -3*s - 587 + 35. What are the prime factors of i?
3, 5
Let f = 25 + -33. Let y be 9/(-36) - (-14)/f. What are the prime factors of y/6 - 106/(-3)?
5, 7
Suppose 6*u = 3*u - 15. Let a be 0*(u/15 + 0). Suppose -3*v + 94 - 25 = a. List the prime factors of v.
23
Let k(w) = 10*w - 4. Let r(b) = 3*b - 1. Let z(h) = -2*k(h) + 7*r(h). Let u = -178 - -187. What are the prime factors of z(u)?
2, 5
Let o(g) = -401*g - 99. List the prime factors of o(-3).
2, 3, 23
Suppose -5*l = -43 - 47. Let y = -6 + l. Suppose -x = -4*m - y, -3*m = -m - 6. List the prime factors of x.
2, 3
Let x = 213 - 112. Suppose 2*j + x = 3*y + 436, 4*j = -5*y + 703. What are the prime factors of j?
2, 43
Let i(b) = 2*b**3 + b**2 - 4*b. Let v be i(3). Suppose 2*w + 3*u - 10 = 5, u = -2*w + 9. Suppose -w*l + 3 = -v. What are the prime factors of l?
2, 3
Let j(g) = 45*g**2 + 17*g + 54. What are the prime factors of j(-6)?
2, 3, 131
Let j = -687 + 1020. List the prime factors of j.
3, 37
Let q(z) = 40*z**2 - 6*z + 62. What are the prime factors of q(7)?
2, 3, 5, 11
Suppose 24 = -3*d + 33. Suppose 0*b - 171 = -d*b. Suppose 3*r - b = -0*r. List the prime factors of r.
19
Suppose -5*u + 3 = -2*b + 13, -2*b + 10 = 5*u. Suppose u*s = -5*s + 615. List the prime factors of s.
3, 41
Suppose 2*a + 0 = y - 1, 2*y - 8 = a. Suppose 0 = -2*k + 40 - 40. Suppose a*m - 16 - 44 = k. What are the prime factors of m?
2, 3, 5
Let w be 12/(-10)*(-55)/2. Let p be (-2 - (3 - 6)) + 1. Suppose w + p = h. What are the prime factors of h?
5, 7
Let d(s) = -s**3 - 9*s**2 - 10*s - 4. Let x be d(-9). Suppose -3*f + 4*f = x. What are the prime factors of f?
2, 43
Let l(d) be the first derivative of -d**2/2 + 18*d + 29. What are the prime factors of l(3)?
3, 5
Let d = -1236 + 1827. List the prime factors of d.
3, 197
Suppose 507 + 218 = 5*d. Let v = d - 74. List the prime factors of v.
71
Suppose -12*c + 1443 = -2541. What are the prime factors of c?
2, 83
Let u be (-2)/(-4) - 1/(-2). Let w be (u/(-1))/(-7 + 8). What are the prime factors of (13/2)/(w/(-2))?
13
Let z be (-20174)/(-99) + (-2)/(-9). Let g = z - 137. What are the prime factors of g?
67
Suppose -45*p = -88378 - 40772. What are the prime factors of p?
2, 5, 7, 41
What are the prime factors of (-65)/26*(-6)/(-5) - -71?
2, 17
Let p = 18 - 11. Suppose -3*j = -p + 1. What are the prime factors of -3 + (-4 - (-36 + j))?
3
Suppose -65*g + 5118 = -62*g. What are the prime factors of g?
2, 853
Suppose -4*k - 2*a + 4 = a, 3*k - 3 = 2*a. What are the prime factors of (k/2)/((-10)/(-220))?
11
Let z(m) = -m - 3. Let f be z(-3). Suppose 0 = -f*a + a. Suppose 16 = 2*i - 2*c, -5*i + c + 5 + 27 = a. List the prime factors of i.
2, 3
Let o = -5 - -2. Let r(h) be the second derivative of -3*h**5/20 - h**4/12 + 2*h**3/3 + 3*h**2/2 + 14*h. What are the prime factors of r(o)?
3, 7
Let u(a) = a**2 - 15*a + 2. Let j be u(15). Suppose -c + 207 = j*c. What are the prime factors of c?
3, 23
Suppose 0*s = 7*s - 3395. What are the prime factors of s?
5, 97
Suppose 3*g + 6*x + 232 = 2*x, -5*x = 5*g + 380. Let a(b) = 7*b**2 + b - 2. Let w be a(4). Let o = w + g. What are the prime factors of o?
2, 3, 7
Suppose 0*t = -t. Suppose 2*f + 6 = t, i + 3*f + 25 = -8. List the prime factors of (-75)/(-6)*i/(-20).
3, 5
What are the prime factors of 1811 - (0 + 8 + 3)?
2, 3, 5
Let h = 292 - 69. What are the prime factors of h?
223
Let v = 4264 + -2759. List the prime factors of v.
5, 7, 43
Let r(v) = 4*v**2 + 8*v + 9. Let o be r(-3). List the prime factors of (2 - o/6)*3620/(-30).
181
Let a = 2875 + -1516. List the prime factors of a.
3, 151
Suppose 7*c = a - 6*a + 4887, -5*c = 5*a - 3485. What are the prime factors of c?
701
Suppose -4*n - 2*j = -5*j - 13936, 3*j = -2*n + 6950. List the prime factors of n.
59
Suppose 3*l - 4*m = -0*m - 33, 5*l = -5*m - 20. Let a = -34 + 35. Let o = a - l. List the prime factors of o.
2
Suppose 0 = -5*h + c + 65, 3*c = c - 10. Let f be h/(3/(-8)*-4). Let g(b) = -b + 10. What are the prime factors of g(f)?
2
Suppose m = 7 + 28. Suppose -f = 4*v + 8, -12 + m = 2*f - 5*v. Suppose -52 = -4*n + f. List the prime factors of n.
2, 7
Suppose -7*t + 3*t = 0. Suppose 3*f = -2*r + 8, t = r - 0 - 1. Suppose 1 = f*y - 9. What are the prime factors of y?
5
Let r(b) = -8 + 3*b**2 + 9*b - 4*b**2 + 13. Let t be r(8). Let o = t + -6. List the prime factors of o.
7
Let x(q) = -q**3 - 10*q**2 - 2*q - 15. Let k be x(-10). Suppose 0 = 2*h - 2*n + n - 91, -k*n - 103 = -2*h. List the prime factors of h.
2, 11
Let m = -119 - -123. Suppose 0 = -m*l + 170 + 18. What are the prime factors of l?
47
Let y be -2 - (-4 + (-1 - -1)). Let i be (-1 - 1)*25/(-10). Let v = i + y. What are the prime factors of v?
7
Let r = -4 + 7. Suppose 0 = r*f - 25 - 5. What are the prime factors of 54/1 - (f + -8)?
2, 13
List the prime factors of 5 - (-8)/(48/6282).
2, 263
Suppose -4*q - 2*n = -15 + 1, 0 = -2*q - 2*n + 8. Suppose -x - q*j + 22 = 0, 2*x + 4*j = 4 + 50. List the prime factors of x.
37
Let c(r) = r**3 - 2*r - 2. Let m be c(-2). What are the prime factors of (-868)/m - (-2 - 0)/6?
5, 29
Let g(b) = 20*b - 48. Let z(x) = -11*x + 24. Let j(m) = -3*g(m) - 5*z(m). List the prime factors of j(-5).
7
Let m(a) be the second derivative of a**4/12 - 5*a**3/6 - 6*a**2 + 20*a. List the prime factors of m(13).
2, 23
Let o be (-191)/(-6) - 8/(-48). Suppose -y = y + o. List the prime factors of 8*1/(y/(-12)).
2, 3
Suppose -4*r + 2*p + 16 = 0, 2*r + 3 = 4*p + 23. Suppose -5*n + 108 = -2*n - 3*s, 4*s + 80 = r*n. List the prime factors of n.
2
Let b(l) = -l**3 + 6*l**2 + 9*l + 9. Let d = 36 - 15. Suppose -3*g = 5*x - d, -x = -4*g - 0*g + 28. List the prime factors of b(g).
23
Let j(l) = -l**2 - 10*l - 11. Let b = 29 + -24. Let h be b - 3 - (8 + 1). What are the prime factors of j(h)?
2, 5
Let s = 674 - 232. Suppose 5*x + 62 = s. List the prime factors of x.
2, 19
Suppose -5*m + b + 1492 = -3735, 2*m - 2095 = -b. Let p = m + -1826. List the prime factors of (2/(-3))/(8/p).
5, 13
Suppose 3*c + 4411 = 3*b + 8*c, b - 3*c - 1447 = 0. What are the prime factors of b?
2, 17, 43
Let x = 6 - 0. Let q = 53 - x. List the prime factors of q.
47
Suppose 3*v - 16 = -5*x, 5*v - 3*v = -4*x + 12.